z(p) = 1108*p + 332. Let v be z(2). Calculate the highest common factor of v and 196.
196
Let x = 17598 + -11448. Calculate the highest common factor of x and 150.
150
Suppose 41*b = -99*b - 47*b + 41514. Calculate the highest common divisor of 42 and b.
6
Let l be -14 + 1085 + 6 + 4. Calculate the greatest common factor of 47 and l.
47
Let u be (-2)/(-4) - (-837)/6. Suppose -148 = -4*i + 6*p - 4*p, 8 = -2*p. What is the greatest common factor of i and u?
35
Let l be (472 - (1 + 0)) + (-14 - -15). Suppose 96*z = 97*z - l. Calculate the highest common factor of 59 and z.
59
Let g = 25 + -6. Let y(d) = 29*d + 2 + g*d - 2*d**2 - 90*d. Let z be y(-21). Calculate the highest common divisor of 10 and z.
2
Suppose r + 4*s - 356 = 0, -5*s - 944 = -5*r + 736. What is the greatest common factor of 476 and r?
68
Let y = 351 - -85. Calculate the greatest common factor of 28 and y.
4
Let a(y) = -2*y**3 + 9*y**2 - 3*y - 1. Let i be a(4). Suppose -24 = -i*d + 504. Calculate the highest common factor of 44 and d.
44
Suppose -28428 = -3*h - 5*i, 0 = -5*h - 2*i + 44191 + 3189. What is the highest common factor of 23 and h?
23
Let p be (144/756)/(-2) + (-9202)/(-42). What is the greatest common divisor of 3577 and p?
73
Let i = -2941 + 2949. Calculate the greatest common factor of i and 664.
8
Suppose -t - 100 = -2*t. Let a(s) = s**3 - 28*s**2 + 25*s + 31. Let z be a(27). Let c = z + t. Calculate the highest common factor of c and 7.
7
Suppose 4*p = -5 + 9. Suppose 0 = -5*b + 4*b + p. Let i = -929 + 933. What is the highest common divisor of i and b?
1
Suppose -3*m - 11*v + 8*v + 4359 = 0, 7253 = 5*m + v. Suppose 4*j - m = 3038. What is the highest common divisor of j and 66?
66
Suppose -12 + 1 = -c + 3*h, 3*c + h - 43 = 0. Let w = -70 + 252. Calculate the highest common divisor of w and c.
14
Suppose 5*i = 10*l - 8985, 2*l - 17*i - 1782 = -21*i. Let m be (0 + -1)/((-2)/26). Calculate the highest common factor of m and l.
13
Let u = -43 + 98. Suppose r + 2*y = -u, 0*y = -4*r + 5*y - 233. Let x = 71 + r. What is the highest common divisor of x and 56?
14
Let x(j) be the third derivative of j**4 - 5*j**3/2 + 63*j**2. Let q be x(5). Let k be 31/2 + 2/(-4). What is the greatest common factor of q and k?
15
Let z be 2/(-4)*12/(-2). Let o be (18/(-8))/(9/(-24))*(-105)/(-210). Calculate the greatest common factor of z and o.
3
Let o = -5051 - -5976. What is the highest common factor of o and 200?
25
Let w be -1*(-3 + 0 + -2). Let t be (-38 + 0)*w/(-2). Suppose -8*n + n + 266 = 0. Calculate the greatest common factor of n and t.
19
Let k be ((-9)/(-2))/(12*4/192). Calculate the highest common factor of k and 18.
18
Suppose -2*d - 5*o = -3859, -12*d - o = -13*d + 1947. Suppose -7*s + 1145 = -d. Calculate the greatest common factor of s and 9.
9
Let a = -5 + 13. Suppose -92*f - 3 = -91*f - 5. Suppose -3*w - 2*s = -34, -a = -2*w + f*s + 28. Calculate the highest common divisor of w and 14.
14
Let m be (656/(-32))/(3/66). Let u = m - -857. Calculate the highest common divisor of 116 and u.
58
Let i be (12/20 - (-6)/(-10)) + 21. Let c = 66 + -56. Suppose b = -2*g + c, -5*g + 7 = 2*b - 16. What is the highest common divisor of i and g?
3
Let m(w) = -w**3 - 9*w**2 - 26*w. Let k be m(-4). Suppose h = -h + k. Calculate the highest common divisor of h and 28.
4
Suppose -1841 = -3*n - b, -8*b = n - 5*b - 627. Calculate the greatest common divisor of 561 and n.
51
Let k be 8854/(-233)*(-1953)/2. Calculate the highest common factor of 38 and k.
19
Let x(y) = 28*y - 30. Let o be x(2). Suppose -35*z = -o*z - 693. Calculate the greatest common divisor of z and 33.
11
Suppose 2*z = z + 10. Suppose 17783*n + 23460 = 17921*n. Calculate the greatest common divisor of z and n.
10
Let y = -39 - -53. Suppose 0 = -r + 21 - y. Let a be 395/r - 15/35. Calculate the greatest common factor of 8 and a.
8
Let s be (-6525)/(-232) + (1/(-10))/((-24)/(-30)). Calculate the greatest common factor of s and 2709.
7
Let r = -1001 + 1159. What is the greatest common factor of r and 1343?
79
Let m be (100/(-245)*7)/((-1)/14). What is the greatest common divisor of m and 65?
5
Suppose p + 40 = -228. Let s = -130 - p. Calculate the highest common divisor of s and 30.
6
Let t be (2*(-9)/(-6))/3. Let p be (-5 + (-22)/(-1))*t. What is the highest common divisor of 34 and p?
17
Suppose -5*x = -318 - 627. Let o = 432 - x. Calculate the highest common factor of o and 9.
9
Let w(h) = h**2 + 2*h + 3. Let u be w(-3). Let g = 122 - 118. Suppose g*a = -2*k + 38, 24 = 4*a - k - 29. What is the greatest common factor of a and u?
6
Let c = -258 - -251. Let q be (3/c)/1 + 16890/210. Calculate the highest common factor of q and 20.
20
Let t be (-3)/(-8) + 36411/1272. Suppose 0 = f - 287 + 26. What is the highest common factor of f and t?
29
Let k be -4 - -2 - -4 - 0. Suppose k*t - 4 = -0*t. Suppose 0 = -7*o + t*o + 595. Calculate the highest common divisor of o and 17.
17
Suppose 324 = 2*j + j. Let r(b) = -59*b**2 - b - 3. Let i be r(1). Let z = i + j. Calculate the highest common divisor of z and 75.
15
Suppose -10079 = -83*a + 10505. What is the highest common factor of a and 31?
31
Let l = -526 + 530. Suppose l*r = 4*p - 2*p - 22, 0 = -r. What is the highest common divisor of 451 and p?
11
Suppose -x + 5*x = 580. Let r be 36642/(-197)*1/(-3)*-16. Let o = r + 1021. Calculate the greatest common factor of o and x.
29
Suppose 9*b - 160 = 344. Let s = -447 + 671. What is the highest common divisor of s and b?
56
Let u(y) = -y**3 + 27*y**2 + 200*y - 5. Let x be u(33). Calculate the greatest common divisor of x and 2867.
61
Let v(n) = -n**3 + 6*n**2 + 20*n - 90. Let t be v(6). What is the highest common divisor of 1760 and t?
10
Suppose -3*b + 11 + 7 = 0. Let r be (-3)/2*(-6)/1. What is the highest common factor of b and r?
3
Let h = -4 + 23. Suppose -441 = -10*z + h*z. Let r = 73 + z. What is the highest common divisor of r and 3?
3
Let x(v) = -v**3 - 35*v**2 + 338*v + 3. Let y be x(-43). Calculate the greatest common divisor of 58 and y.
29
Let w = 8297 + -8293. Let q be (0 - -1) + -1 - 2. Let m = w + q. What is the highest common divisor of 6 and m?
2
Let o(s) = -s**3 - 54*s**2 + 7*s + 556. Let m be o(-54). Calculate the highest common factor of 9256 and m.
178
Suppose -3118*h - 42944 = -3140*h. Calculate the highest common divisor of 1098 and h.
122
Let u = 114 + -114. Suppose -3*m + 2*p + 0*p + 427 = u, 3*p + 288 = 2*m. What is the greatest common divisor of m and 235?
47
Suppose 653 = 15*m + 203. Let z be ((-80)/75)/(-8) + 1676/m. Calculate the greatest common factor of 952 and z.
56
Suppose 194*f + 563 = 195*f. Let k = f + -562. What is the greatest common factor of k and 20?
1
Suppose 3*n - 86 = 25. Suppose -23157 = -118*o - 5693. Calculate the highest common divisor of o and n.
37
Suppose -h - 1 = 4, 3*m + h = -5. Suppose -4*g + 4*j - 33 + 337 = m, 0 = 4*g + 3*j - 276. Let x = -535 + 543. Calculate the greatest common factor of x and g.
8
Let t be (10/6 - 1)*(0 + 1113). Let p = -703 + t. Let w be (-74)/(-6) + 4/6. Calculate the greatest common divisor of p and w.
13
Let j = -3329 + 14769. Calculate the greatest common divisor of 13 and j.
13
Let a be 155/3 + 2/(-3). Let j = 64 - a. Suppose -3*i - j = -5*g, -5*i + 4*i = -4*g + 9. What is the greatest common divisor of g and 4?
2
Let x = -81 + 225. Suppose -g - x = 5*g. Let d be g/(-9)*(6 - 3). Calculate the highest common divisor of 12 and d.
4
Let w(s) = 17*s**2. Let u be w(2). Suppose 4*p + 1356 = 4*l, 10*p + 663 = 8*p - 3*l. Let g be (-10)/7*p/120. What is the highest common divisor of u and g?
4
Let t = -219 + 236. Suppose 0 = t*m - 6*m - 154. Calculate the highest common factor of m and 49.
7
Let g be (-28)/3*(46775/(-50) + -2). Calculate the highest common divisor of 25 and g.
25
Suppose 5*s - 111 = o, 2*s - 79 = 4*o - 31. Let j be -1*1 + (-3026)/(-544)*16. What is the greatest common divisor of s and j?
22
Let n(k) be the first derivative of 9*k**2 + 419*k + 183. Let g be n(-23). What is the greatest common factor of 20 and g?
5
Let a = -35218 - -45843. Calculate the greatest common divisor of a and 25.
25
Let t be 5 + (-10 + 9)*1. Suppose t*z + 3*h - 114 + 26 = 0, -h - 4 = 0. Let j(u) = -u + 1. Let c be j(-4). What is the highest common factor of c and z?
5
S